ase 5) to base 11
-175292
Convert 2695a52 (base 11) to base 12.
1682567
What is -2c5d57 (base 16) in base 6?
-142152315
Convert 252402 (base 9) to base 5.
14341222
Convert -201251 (base 9) to base 14.
-31547
1000b66 (base 12) to base 16
2d967e
Convert -4341313403 (base 5) to base 16.
-8e41e2
11010111001011101010 (base 2) to base 13
24b23c
12033114 (base 6) to base 15
76e3a
What is -11111222010211 (base 3) in base 16?
-24a1bc
Convert -6055915 (base 11) to base 12.
-3706137
-62a465 (base 11) to base 12
-408211
-540004 (base 7) to base 15
-1cb2d
Convert -629cab (base 14) to base 8.
-14551637
Convert -8062155 (base 9) to base 8.
-20277603
c8d92 (base 15) to base 4
2123221322
-130525 (base 13) to base 8
-1576174
What is -23402020 (base 5) in base 3?
-101222010202
What is 2021020212022 (base 3) in base 10?
1205666
What is 71edb0 (base 15) in base 11?
306a623
What is -1000011110101010 (base 2) in base 6?
-424442
384376 (base 11) to base 16
93f63
3645757 (base 8) to base 15
14c06e
What is 4130653 (base 9) in base 12?
8a4086
What is 10111000011011110110 (base 2) in base 16?
b86f6
Convert -4689a3 (base 15) to base 7.
-40435215
-12325b (base 13) to base 10
-435420
Convert -6243564 (base 7) to base 5.
-143003212
Convert -132525 (base 14) to base 5.
-132101243
What is 264500 (base 7) in base 13?
19793
Convert 2212 (base 14) to base 11.
4480
-62504 (base 7) to base 6
-155005
7498a (base 14) to base 4
1010302232
121102000 (base 3) to base 12
6b09
Convert 200202121020022 (base 3) to base 8.
46023350
2221102112120 (base 3) to base 2
101111101101011101001
Convert -36465056 (base 7) to base 2.
-1100011011111000001001
Convert -605505 (base 11) to base 6.
-32511135
Convert 121122020210200 (base 3) to base 11.
4a9a661
Convert -5407a (base 14) to base 4.
-301212130
Convert 2e076c (base 16) to base 10.
3016556
1400001224 (base 5) to base 13
961383
59889 (base 16) to base 14
9790d
What is 31423 (base 14) in base 11?
81297
-3131122230 (base 4) to base 5
-213010144
-1000001010111100 (base 2) to base 15
-9db3
Convert 100111010 (base 4) to base 11.
46284
What is 102cb0 (base 13) in base 2?
1011100010000000010
What is -10101011011011100011111 (base 2) in base 7?
-65514242
What is 22517142 (base 9) in base 3?
202120121011102
What is -43db8b (base 14) in base 10?
-2304495
What is -33112214 (base 5) in base 11?
-1853a2
f996 (base 16) to base 15
13de9
What is -49574 (base 15) in base 6?
-5003501
310133101 (base 5) to base 6
42524013
Convert -144a7 (base 13) to base 10.
-38162
What is -10010001001101010 (base 2) in base 6?
-1332110
Convert 146754 (base 8) to base 5.
3141331
132c0 (base 13) to base 3
1210220020
-146345 (base 7) to base 8
-67751
Convert -215024535 (base 6) to base 2.
-1110110010010100001011
591052 (base 16) to base 12
1b559aa
What is 1211022021112 (base 3) in base 10?
970502
Convert -266475 (base 8) to base 9.
-152230
11222224 (base 5) to base 6
2102112
Convert 205215242 (base 6) to base 16.
3717aa
What is 588b2 (base 12) in base 4?
131000012
What is 12201120111002 (base 3) in base 13?
826aa2
-1003242 (base 5) to base 16
-3ec8
320220 (base 10) to base 4
1032023130
What is 30302303211 (base 4) in base 16?
332ce5
101011010010100111110100 (base 2) to base 15
ee2798
431358 (base 11) to base 13
1b2020
Convert -e54c4 (base 15) to base 13.
-1c5a09
-2280717 (base 9) to base 8
-4552203
Convert 443735 (base 9) to base 2.
1000000110000001010
Convert -58319 (base 11) to base 7.
-500405
What is -4121321 (base 5) in base 3?
-10102000200
What is 1310100310 (base 4) in base 5?
110214322
What is 22764786 (base 9) in base 6?
1033331510
Convert -31443403 (base 5) to base 9.
-444145
Convert fb8e (base 16) to base 10.
64398
Convert 8adb (base 15) to base 6.
344212
211000130 (base 4) to base 2
100101000000011100
-111001020102 (base 3) to base 14
-69817
What is 273506 (base 9) in base 10?
166623
10242424 (base 5) to base 9
142602
What is 185745 (base 10) in base 8?
552621
Convert -152924 (base 13) to base 2.
-1111110111101101011
What is -1064542 (base 11) in base 3?
-10111202211020
-4b0273 (base 16) to base 15
-67181c
What is 10479a (base 16) in base 6?
34511214
-57871 (base 14) to base 2
-110011111111011011
Convert -100200012012 (base 3) to base 13.
-6888b
What is -10001011010101111100 (base 2) in base 9?
-1058824
-10110101001011100110111 (base 2) to base 10
-5936951
What is 1223612 (base 7) in base 2?
100110011011010101
What is 26564 (base 15) in base 13?
43b1c
What is -3364262 (base 8) in base 15?
-130143
What is 3b4a3 (base 13) in base 14?
2c483
Convert -451203144 (base 6) to base 3.
-120101122022101
-424100 (base 6) to base 15
-a3b6
What is -4221101111 (base 5) in base 11?
-4a4a233
29888 (base 10) to base 5
1424023
What is -5760 (base 13) in base 7?
-50463
Convert -465d3 (base 14) to base 13.
-5cc75
Convert 1197671 (base 10) to base 14.
23267d
What is 335061 (base 8) in base 15?
2381b
Convert 21021210010101 (base 3) to base 11.
2206053
What is 24200422 (base 5) in base 16?
36f58
Convert -10100010100001111111100 (base 2) to base 10.
-5325820
Convert 28534a3 (base 11) to base 2.
10010101110100100001101
Convert 697346 (base 14) to base 13.
98a289
-3203123 (base 5) to base 4
-31010202
-403a996 (base 11) to base 6
-413045103
-22a3a8 (base 11) to base 9
-615830
66c87 (base 13) to base 4
231210333
Convert -43110 (base 10) to base 4.
-22201212
-13014030 (base 5) to base 11
-86853
-21213030 (base 4) to base 14
-104c4
Convert -212232034 (base 6) to base 4.
-32110012312
Convert 211012044 (base 7) to base 11.
704a921
Convert 76a784 (base 11) to base 16.
12c28c
Convert -20bb66 (base 12) to base 3.
-222100000120
2021020112 (base 3) to base 2
1010111001100101
What is 112120101110 (base 3) in base 15?
59e89
Convert 14aa0 (base 16) to base 7.
501523
Convert -61a6a1 (base 11) to base 16.
-f2f16
Convert -d10c9 (base 14) to base 13.
-147849
Convert 337669 (base 11) to base 9.
1007802
2341402 (base 5) to base 8
124530
708bb (base 13) to base 8
611331
-475771 (base 8) to base 5
-20202214
-538778 (base 9) to base 16
-4e776
-1113511 (base 6) to base 7
-323623
Convert -510985 (base 10) to base 7.
-4225516
What is -3ca2c5 (base 13) in base 12?
-5b3b48
What is 445452 (base 6) in base 9?
56445
Convert -ca181a (base 14) to base 10.
-6842384
-1400110 (base 5) to base 3
-1102121210
What is 23650 (base 13) in base 8?
176430
Convert 3231003013 (base 4) to base 6.
32451051
-394b27 (base 13) to base 4
-11101103220
Convert 1b93369 (base 13) to base 16.
8c00e2
What is -134712 (base 12) in base 13?
-b2256
Convert 6646215 (base 7) to base 6.
25313220
What is 5423326 (base 7) in base 14?
1330bd
Convert 2ceb0 (base 15) to base 2.
100011011010101001
What is -237420 (base 9) in base 13?
-50265
What is -12002212210 (base 3) in base 10?
-100515
What is 312123031 (base 4) in base 3?
102022210111
31639 (base 10) to base 3
1121101211
Convert -3136230 (base 7) to base 11.
-239938
Convert -434004 (base 5) to base 13.
-6a07
What is -20236523 (base 7) in base 10?
-1690223
Convert 57ca7 (base 14) to base 8.
641433
What is -a6b00 (base 12) in base 7?
-1602252
-1f9a8 (base 16) to base 10
-129448
What is 22311520 (base 6) in base 11?
423610
1560692 (base 10) to base 11
976631
What is -265629a (base 12) in base 15?
-9eab44
What is -3d135 (base 15) in base 5?
-22233100
Convert -395b7 (base 13) to base 2.
-11001111111010011
Convert -12d2a1 (base 16) to base 14.
-2417a1
Convert -1320340 (base 8) to base 10.
-368864
2e04e7 (base 15) to base 14
42026d
Convert 6507088 (base 9) to base 11.
1a73436
Convert 2322324 (base 6) to base 15.
2575d
-18340 (base 12) to base 14
-caac
What is 70202 (base 13) in base 2?
110000111001001011
Convert -246746 (base 10) to base 11.
-159425
Convert -104052612 (base 7) to base 2.
-10111110101011111000111
What is 210dbd (base 15) in base 5?
400304403
Convert c33086 (base 14) to base 8.
31056516
Convert -de0c (base 16) to base 12.
-28a90
What is 34552 (base 13) in base 4?
113102113
What is 21510211 (base 7) in base 5?
433220102
1160141 (base 8) to base 16
4e061
What is -1003112130 (base 4) in base 5?
-32311433
What is 7753 (base 15) in base 6?
313010
Convert 4392e2 (base 15) to base 6.
153005152
-501422124 (base 6) to base 9
-16852787
Convert -10440361 (base 7) to base 8.
-3336725
What is -7431751 (base 8) in b